-87
Let b(r) = -1743*r**2 + 47013*r + 30. Calculate b(27).
-1266
Let b(i) = i**2 - 1056*i - 51846. Calculate b(-47).
-5
Let h(x) = 35*x**3 - 1060*x**2 + 288*x + 61. Calculate h(30).
-299
Let j(m) = -1355*m + 279152. Calculate j(206).
22
Let l(r) = -25075*r + 75240. Give l(3).
15
Let m(o) = 13133*o + 9061770. Give m(-690).
0
Let x(o) = 419086*o - 10058007. Determine x(24).
57
Let t(b) = -b**3 + 10*b**2 + 121*b + 93. What is t(17)?
127
Let f(s) = -1145*s + 232437. Give f(203).
2
Let n(s) = -s**3 + 15*s**2 + 139*s - 1945. Give n(11).
68
Let j(h) = 7827*h - 2113410. Give j(270).
-120
Let u(o) = o**3 + 27*o**2 - 223741*o - 6263970. Determine u(-28).
-6
Let t(p) = 7531*p + 195809. Give t(-26).
3
Let i(z) = -559*z**2 + 3859*z + 383. What is i(7)?
5
Let p(b) = -323*b**2 - 5806*b + 69. Determine p(-18).
-75
Let x(j) = -j**3 + 37*j**2 - 225*j - 109. Give x(29).
94
Let n(h) = h**2 - 20851*h - 187758. Calculate n(-9).
-18
Let u(i) = -3*i**2 + 1062*i - 13991. Determine u(13).
-692
Let r(o) = 11*o**2 + 430*o + 3040. What is r(-7)?
569
Let x(u) = -47*u**2 + 3799*u + 4513. Calculate x(82).
3
Let r(o) = -4*o**3 - 81*o**2 - 368*o + 11. What is r(-7)?
-10
Let q(p) = -135151*p - 810912. Give q(-6).
-6
Let i(n) = -n**3 - 30*n**2 + 1020*n + 30693. Calculate i(-32).
101
Let c(z) = -36*z**2 + 1788*z + 599. Calculate c(50).
-1
Let j(i) = 3*i**3 + 39*i**2 + 51*i + 108. Calculate j(-15).
-2007
Let h(r) = -182*r**2 + 1676*r + 52. Calculate h(9).
394
Let p(a) = 45047*a + 3018157. Give p(-67).
8
Let p(s) = -26*s**3 - 13*s**2 + 51*s + 103. Calculate p(-2).
157
Let x(f) = 8023*f + 72242. Give x(-9).
35
Let z(b) = -80*b**3 + 1333*b**2 + 2676*b + 3. Give z(-2).
623
Let j(b) = -b**2 - 132408*b - 1059195. Give j(-8).
5
Let l(t) = 27*t**2 - 179*t + 97. What is l(8)?
393
Let u(y) = 71*y**2 + y - 16. Calculate u(1).
56
Let r(c) = 177765*c - 1777642. Give r(10).
8
Let t(y) = -9*y**3 - 519*y**2 - 351*y - 377. Determine t(-57).
136
Let r(l) = l**2 + 84*l - 14900. What is r(-170)?
-280
Let m(g) = 16*g**3 + 39*g**2 - 928*g + 103. Calculate m(-9).
-50
Let d(r) = 106810*r - 320411. What is d(3)?
19
Let k(c) = -2*c**3 - 111*c**2 - 179*c - 660. Give k(-54).
258
Let p(u) = -4*u**3 + 85*u**2 + 33*u + 158. Determine p(22).
-568
Let f(m) = -54*m**2 + 2188*m - 7029. Give f(37).
1
Let o(z) = -z**3 + 3*z**2 + 4*z - 343. Give o(0).
-343
Let u(g) = g**2 + 239*g + 14290. Calculate u(-113).
52
Let g(f) = -2*f**2 + 71*f - 1603. Determine g(24).
-1051
Let t(h) = -428*h**2 - 87308*h + 827. Determine t(-204).
11
Let v(p) = 58*p - 120. Calculate v(-7).
-526
Let o(s) = -105416*s + 1581238. Give o(15).
-2
Let g(l) = -1498*l + 13494. What is g(9)?
12
Let w(u) = -u**2 - 80*u - 1203. Determine w(0).
-1203
Let q(h) = 661*h - 15721. Determine q(27).
2126
Let p(s) = -107*s**2 + 5478*s - 582. Calculate p(51).
489
Let d(u) = 3*u**2 - 422*u - 878. Determine d(147).
1915
Let x(u) = -2*u**3 - 161*u**2 - 2984*u - 948. Calculate x(-52).
92
Let o(z) = -z**3 + 29*z**2 - 471*z + 7771. What is o(22)?
797
Let s(b) = 45*b**3 - 131*b**2 - 12*b + 45. Calculate s(3).
45
Let h(m) = -6*m**3 + 7*m**2 + 49*m - 181. Give h(3).
-133
Let c(f) = f**3 + 307*f**2 + 234*f - 22174. Calculate c(-306).
-142
Let a(h) = 59*h + 6352. Calculate a(-88).
1160
Let i(m) = 32653*m - 946952. Give i(29).
-15
Let m(z) = 63*z**2 + 41*z + 138. Give m(-5).
1508
Let i(m) = -m**3 - 7*m**2 + 32*m + 81. Give i(-5).
-129
Let q(b) = 96655*b - 9665510. Calculate q(100).
-10
Let t(m) = -6*m**2 - 1157*m + 4927. Give t(-197).
2
Let n(a) = -795148*a - 16698099. Determine n(-21).
9
Let o(y) = -20565*y - 2385542. Determine o(-116).
-2
Let w(a) = 12*a**2 + 509*a + 138. Determine w(-42).
-72
Let f(g) = -960*g**2 + 687367*g - 5006. Determine f(716).
6
Let j(i) = -6*i**2 + 42*i - 643. Give j(13).
-1111
Let m(h) = -12183*h - 2692461. What is m(-221)?
-18
Let v(t) = -175068*t - 350129. Determine v(-2).
7
Let w(s) = -21090*s - 295337. Determine w(-14).
-77
Let p(m) = -m**3 + 607*m**2 + 3683*m - 3088. What is p(613)?
-23
Let f(b) = -135*b**3 - 45*b**2 - 62*b - 12. What is f(-1)?
140
Let p(s) = 15*s**2 + 525*s - 1122. What is p(-37)?
-12
Let q(i) = -i**3 - 187*i**2 + 1427*i + 266806. Give q(-187).
-43
Let c(g) = -4*g**2 + 77*g + 1273. Calculate c(-13).
-404
Let z(d) = -3*d**3 + 204*d**2 - 498*d - 274. Give z(3).
-13
Let r(y) = -717*y**2 + 60*y + 4. Calculate r(-2).
-2984
Let r(q) = q**2 + 1091*q + 44812. Determine r(-43).
-252
Let a(d) = 840*d + 8709. What is a(-9)?
1149
Let u(h) = -261*h - 62873. Give u(-241).
28
Let l(h) = h**3 + 25*h**2 - 789*h - 18321. Determine l(-21).
12
Let b(l) = -2369*l**2 + 832*l + 831. Give b(-1).
-2370
Let q(o) = -2681*o + 375307. Determine q(140).
-33
Let u(r) = -r**2 - 103*r - 518. Give u(-88).
802
Let o(y) = 8*y**2 + 296*y - 2949. Give o(9).
363
Let l(n) = n**3 + 29*n**2 - 64*n - 3628. Give l(-26).
64
Let g(j) = 28496*j - 541445. Determine g(19).
-21
Let y(u) = 38*u + 9060. Determine y(-234).
168
Let p(k) = -5*k**2 + 603*k + 3834. Calculate p(-6).
36
Let p(i) = 4*i**3 - 49*i**2 + 18*i - 91. Calculate p(10).
-811
Let i(v) = v**3 + 21*v**2 + 63543*v + 1334407. Determine i(-21).
4
Let r(k) = 2976*k + 598101. Calculate r(-201).
-75
Let g(n) = -n**2 - 863*n - 66074. Determine g(-85).
56
Let n(y) = 54769*y + 1259742. Determine n(-23).
55
Let q(n) = n**3 + 37*n**2 - 110*n - 412. Calculate q(-40).
-812
Let w(p) = -9*p**2 + 1822*p + 343. What is w(203)?
-672
Let j(q) = q**3 + 738*q**2 - 2894*q - 297. Give j(4).
-1
Let g(i) = 1233*i + 23340. Give g(-19).
-87
Let g(r) = -2*r**2 + 3374*r - 46828. Determine g(14).
16
Let d(k) = -k**2 + 1095*k + 144525. Determine d(-119).
59
Let d(w) = w**3 + 153*w**2 - 304*w - 23099. What is d(-154)?
1
Let p(g) = 323*g - 2040. What is p(7)?
221
Let j(o) = 50*o**3 - 3147*o**2 - 201*o + 726. Determine j(63).
-30
Let n(y) = 1232*y - 97325. Determine n(79).
3
Let x(y) = 39*y**2 - 1545*y - 10991. Give x(-7).
1735
Let s(b) = b**2 - 222*b + 7358. Determine s(41).
-63
Let g(i) = 76*i**2 + 2255*i + 46. Determine g(-29).
-1433
Let j(t) = -4*t**2 - 824746*t + 3299005. Calculate j(4).
-43
Let x(b) = -8213*b + 98299. Determine x(12).
-257
Let q(s) = s**3 - 3*s**2 - 13*s - 1293. What is q(0)?
-1293
Let d(q) = 9*q**3 + 174*q**2 - 137*q - 415. Calculate d(-20).
-75
Let w(f) = -f**3 - 22*f**2 - 68*f + 126. Calculate w(-18).
54
Let y(n) = -98*n**2 - 2537*n + 294. Determine y(-26).
8
Let x(u) = u**3 + 7*u**2 + 108*u + 1087. What is x(-9)?
-47
Let i(k) = -6*k**2 - 288*k + 1910. Calculate i(-54).
-34
Let n(s) = s**2 - 127802*s + 15704521. Calculate n(123).
4
Let s(k) = -6*k**2 - 33*k + 3679. Give s(22).
49
Let u(m) = -m**2 - 135*m + 613. Determine u(-125).
1863
Let z(r) = -7*r**2 - 1371*r - 19972. Calculate z(-180).
8
Let r(x) = 6*x**2 + 1472*x + 20571. Calculate r(-14).
1139
Let r(l) = -20*l**2 - 3*l - 209. Determine r(-3).
-380
Let p(k) = -971*k - 9699. Give p(-10).
11
Let u(m) = m**2 + 374*m - 15203. Give u(37).
4
Let v(c) = -198*c + 8821. Calculate v(54).
-1871
Let q(k) = 2*k**3 - 98*k**2 + 164*k + 2824. What is q(45)?
-5996
Let w(c) = 664*c - 112580. Give w(178).
5612
Let z(w) = w**3 + 13*w**2 + 26*w + 191. Determine z(-13).
-147
Let b(o) = 24*o**3 - 290*o**2 + 34*o - 125. Calculate b(12).
-5
Let d(v) = -v**2 + 161*v - 5658. What is d(110)?
-48
Let z(w) = -2*w**2 + 286616*w - 1719635. Determine z(6).
-11
Let p(o) = -5782*o - 45925. Give p(-8).
331
Let g(t) = 34413*t + 68830. Calculate g(-2).
4
Let a(k) = -528*k + 44851. What is a(85)?
-29
Let r(n) = -5*n**2 - 3100*n + 15466. Give r(5).
-159
Let d(s) = 20*s**2 - 977*s + 92. Determine d(48).
-724
Let t(k) = 15352*k + 1750125. Calculate t(-114).
-3
Let r(c) = 45*c**2 - 38*c - 119. What is r(-6)?
1729
Let l(j) = 8*j**2 + 565*j + 8032. Calculate l(-19).
185
Let h(n) = 15*n**2 - 448*n + 343. Determine h(22).
-2253
Let d(c) = -4*c**2 - 24*c - 137. Determine d(-7).
-165
Let y(w) = -w**3 + 7*w**2 - 3983*w + 15910. Give y(4).
26
Let t(y) = 18*y**3 + 99*y**2 - 17*y - 20. What is t(-6)?
-242
Let i(z) = -25*z**2 + 323*z + 50. Give i(17).
-1684
Let s(i) = -574*i + 7778. What is s(13)?
316
Let l(q) = -2*q**2 - 195*q + 178. What is l(-98)?
80
Let q(n) = 4*n**3 + 2208*n**2 + 50*n + 27592. Determine q(-552).
-8
Let f(y) = -y**3 - 28*y**2 - 266*y - 401. Calculate f(-19).
1404
Let z(a) = 1357*a - 102196. Det